{"id":94,"date":"2017-03-18T00:02:52","date_gmt":"2017-03-17T23:02:52","guid":{"rendered":"http:\/\/jaw-trans.pl\/?page_id=94"},"modified":"2024-02-15T21:56:20","modified_gmt":"2024-02-15T20:56:20","slug":"mercedes-tourismo-bialy","status":"publish","type":"page","link":"http:\/\/jaw-trans.pl\/index.php\/mercedes-tourismo-bialy\/","title":{"rendered":"Mercedes Tourismo (59+2+1)"},"content":{"rendered":"<p style=\"text-align: center;\"><img loading=\"lazy\" decoding=\"async\" class=\"alignnone size-full wp-image-44\" src=\"http:\/\/jaw-trans.pl\/wp-content\/uploads\/2017\/03\/jawtrans-1.png\" alt=\"\" width=\"315\" height=\"90\" srcset=\"http:\/\/jaw-trans.pl\/wp-content\/uploads\/2017\/03\/jawtrans-1.png 315w, http:\/\/jaw-trans.pl\/wp-content\/uploads\/2017\/03\/jawtrans-1-300x86.png 300w\" sizes=\"auto, (max-width: 315px) 100vw, 315px\" \/><\/p>\n<p style=\"text-align: justify;\"><strong>Mercedes Tourismo<\/strong><br \/><em>59+2+1 miejsc siedz\u0105cych, klimatyzacja, indywidualne nawiewy i o\u015bwietlenie, ogrzewanie postojowe, przyciemnione szyby, fotele regulowane, podn\u00f3\u017cki, DVD, radio, WC, mikrofon, barek, du\u017ce luki baga\u017cowe, schowki nad fotelami.<\/em><\/p>\n\n\n<div class=\"wp-block-envira-envira-gallery\"><div id=\"envira-gallery-wrap-477\" class=\"envira-gallery-wrap envira-gallery-theme-base envira-lightbox-theme-base\" itemscope itemtype=\"https:\/\/schema.org\/ImageGallery\"><div data-row-height=\"150\" data-gallery-theme=\"normal\" id=\"envira-gallery-477\" class=\"envira-gallery-public envira-gallery-justified-public envira-gallery-0-columns envira-clear enviratope envira-gallery-css-animations\" data-envira-columns=\"0\"><div id=\"envira-gallery-item-472\" class=\"envira-gallery-item enviratope-item envira-gallery-item-1 envira-lazy-load\" style=\"padding-left: 1px; padding-bottom: 1px; padding-right: 1px;\"  itemscope itemtype=\"https:\/\/schema.org\/ImageObject\"><div class=\"envira-gallery-item-inner\"><div class=\"envira-gallery-position-overlay  envira-gallery-top-left\"><\/div><div class=\"envira-gallery-position-overlay  envira-gallery-top-right\"><\/div><div class=\"envira-gallery-position-overlay  envira-gallery-bottom-left\"><\/div><div class=\"envira-gallery-position-overlay  envira-gallery-bottom-right\"><\/div><a href=\"http:\/\/jaw-trans.pl\/wp-content\/uploads\/2024\/02\/Mercedes-tourismo-bialy-0008.jpg\" class=\"envira-gallery-477 envira-gallery-link\" rel=\"enviragallery477\" title=\"Mercedes tourismo bia\u0142y 0008\" data-envira-caption=\"Mercedes tourismo bia\u0142y 0008\" data-envira-retina=\"\" data-thumbnail=\"\"  itemprop=\"contentUrl\"><img decoding=\"async\" id=\"envira-gallery-image-472\" class=\"envira-gallery-image envira-gallery-image-1 envira-normal envira-lazy\" data-envira-index=\"1\" src=\"http:\/\/jaw-trans.pl\/wp-content\/uploads\/2024\/02\/Mercedes-tourismo-bialy-0008-640x480.jpg\" data-envira-src=\"http:\/\/jaw-trans.pl\/wp-content\/uploads\/2024\/02\/Mercedes-tourismo-bialy-0008-640x480.jpg\" data-envira-gallery-id=\"477\" data-envira-item-id=\"472\" data-envira-caption=\"Mercedes tourismo bia\u0142y 0008\" alt=\"\" title=\"Mercedes tourismo bia\u0142y 0008\"  itemprop=\"thumbnailUrl\" data-envira-srcset=\"http:\/\/jaw-trans.pl\/wp-content\/uploads\/2024\/02\/Mercedes-tourismo-bialy-0008-640x480.jpg 400w,http:\/\/jaw-trans.pl\/wp-content\/uploads\/2024\/02\/Mercedes-tourismo-bialy-0008-640x480.jpg 2x\" data-envira-width=\"300\" data-envira-height=\"177\" srcset=\"data:image\/gif;base64,R0lGODlhAQABAIAAAP\/\/\/\/\/\/\/yH5BAEKAAEALAAAAAABAAEAAAICTAEAOw==\" data-safe-src=\"data:image\/gif;base64,R0lGODlhAQABAIAAAP\/\/\/\/\/\/\/yH5BAEKAAEALAAAAAABAAEAAAICTAEAOw==\" \/><\/a><\/div><\/div><div id=\"envira-gallery-item-471\" class=\"envira-gallery-item enviratope-item envira-gallery-item-2 envira-lazy-load\" style=\"padding-left: 1px; padding-bottom: 1px; padding-right: 1px;\"  itemscope itemtype=\"https:\/\/schema.org\/ImageObject\"><div class=\"envira-gallery-item-inner\"><div class=\"envira-gallery-position-overlay  envira-gallery-top-left\"><\/div><div class=\"envira-gallery-position-overlay  envira-gallery-top-right\"><\/div><div class=\"envira-gallery-position-overlay  envira-gallery-bottom-left\"><\/div><div class=\"envira-gallery-position-overlay  envira-gallery-bottom-right\"><\/div><a href=\"http:\/\/jaw-trans.pl\/wp-content\/uploads\/2024\/02\/Mercedes-tourismo-bialy-0007.jpg\" class=\"envira-gallery-477 envira-gallery-link\" rel=\"enviragallery477\" title=\"Mercedes tourismo bia\u0142y 0007\" data-envira-caption=\"Mercedes tourismo bia\u0142y 0007\" data-envira-retina=\"\" data-thumbnail=\"\"  itemprop=\"contentUrl\"><img decoding=\"async\" id=\"envira-gallery-image-471\" class=\"envira-gallery-image envira-gallery-image-2 envira-normal envira-lazy\" data-envira-index=\"2\" src=\"http:\/\/jaw-trans.pl\/wp-content\/uploads\/2024\/02\/Mercedes-tourismo-bialy-0007-768x1024-640x480.jpg\" data-envira-src=\"http:\/\/jaw-trans.pl\/wp-content\/uploads\/2024\/02\/Mercedes-tourismo-bialy-0007-768x1024-640x480.jpg\" data-envira-gallery-id=\"477\" data-envira-item-id=\"471\" data-envira-caption=\"Mercedes tourismo bia\u0142y 0007\" alt=\"\" title=\"Mercedes tourismo bia\u0142y 0007\"  itemprop=\"thumbnailUrl\" data-envira-srcset=\"http:\/\/jaw-trans.pl\/wp-content\/uploads\/2024\/02\/Mercedes-tourismo-bialy-0007-768x1024-640x480.jpg 400w,http:\/\/jaw-trans.pl\/wp-content\/uploads\/2024\/02\/Mercedes-tourismo-bialy-0007-768x1024-640x480.jpg 2x\" data-envira-width=\"225\" data-envira-height=\"300\" srcset=\"data:image\/gif;base64,R0lGODlhAQABAIAAAP\/\/\/\/\/\/\/yH5BAEKAAEALAAAAAABAAEAAAICTAEAOw==\" data-safe-src=\"data:image\/gif;base64,R0lGODlhAQABAIAAAP\/\/\/\/\/\/\/yH5BAEKAAEALAAAAAABAAEAAAICTAEAOw==\" \/><\/a><\/div><\/div><div id=\"envira-gallery-item-470\" class=\"envira-gallery-item enviratope-item envira-gallery-item-3 envira-lazy-load\" style=\"padding-left: 1px; padding-bottom: 1px; padding-right: 1px;\"  itemscope itemtype=\"https:\/\/schema.org\/ImageObject\"><div class=\"envira-gallery-item-inner\"><div class=\"envira-gallery-position-overlay  envira-gallery-top-left\"><\/div><div class=\"envira-gallery-position-overlay  envira-gallery-top-right\"><\/div><div class=\"envira-gallery-position-overlay  envira-gallery-bottom-left\"><\/div><div class=\"envira-gallery-position-overlay  envira-gallery-bottom-right\"><\/div><a href=\"http:\/\/jaw-trans.pl\/wp-content\/uploads\/2024\/02\/Mercedes-tourismo-bialy-0006.jpg\" class=\"envira-gallery-477 envira-gallery-link\" rel=\"enviragallery477\" title=\"Mercedes tourismo bia\u0142y 0006\" data-envira-caption=\"Mercedes tourismo bia\u0142y 0006\" data-envira-retina=\"\" data-thumbnail=\"\"  itemprop=\"contentUrl\"><img decoding=\"async\" id=\"envira-gallery-image-470\" class=\"envira-gallery-image envira-gallery-image-3 envira-normal envira-lazy\" data-envira-index=\"3\" src=\"http:\/\/jaw-trans.pl\/wp-content\/uploads\/2024\/02\/Mercedes-tourismo-bialy-0006-1024x768-640x480.jpg\" data-envira-src=\"http:\/\/jaw-trans.pl\/wp-content\/uploads\/2024\/02\/Mercedes-tourismo-bialy-0006-1024x768-640x480.jpg\" data-envira-gallery-id=\"477\" data-envira-item-id=\"470\" data-envira-caption=\"Mercedes tourismo bia\u0142y 0006\" alt=\"\" title=\"Mercedes tourismo bia\u0142y 0006\"  itemprop=\"thumbnailUrl\" data-envira-srcset=\"http:\/\/jaw-trans.pl\/wp-content\/uploads\/2024\/02\/Mercedes-tourismo-bialy-0006-1024x768-640x480.jpg 400w,http:\/\/jaw-trans.pl\/wp-content\/uploads\/2024\/02\/Mercedes-tourismo-bialy-0006-1024x768-640x480.jpg 2x\" data-envira-width=\"300\" data-envira-height=\"225\" srcset=\"data:image\/gif;base64,R0lGODlhAQABAIAAAP\/\/\/\/\/\/\/yH5BAEKAAEALAAAAAABAAEAAAICTAEAOw==\" data-safe-src=\"data:image\/gif;base64,R0lGODlhAQABAIAAAP\/\/\/\/\/\/\/yH5BAEKAAEALAAAAAABAAEAAAICTAEAOw==\" \/><\/a><\/div><\/div><div id=\"envira-gallery-item-469\" class=\"envira-gallery-item enviratope-item envira-gallery-item-4 envira-lazy-load\" style=\"padding-left: 1px; padding-bottom: 1px; padding-right: 1px;\"  itemscope itemtype=\"https:\/\/schema.org\/ImageObject\"><div class=\"envira-gallery-item-inner\"><div class=\"envira-gallery-position-overlay  envira-gallery-top-left\"><\/div><div class=\"envira-gallery-position-overlay  envira-gallery-top-right\"><\/div><div class=\"envira-gallery-position-overlay  envira-gallery-bottom-left\"><\/div><div class=\"envira-gallery-position-overlay  envira-gallery-bottom-right\"><\/div><a href=\"http:\/\/jaw-trans.pl\/wp-content\/uploads\/2024\/02\/Mercedes-tourismo-bialy-0005.jpg\" class=\"envira-gallery-477 envira-gallery-link\" rel=\"enviragallery477\" title=\"Mercedes tourismo bia\u0142y 0005\" data-envira-caption=\"Mercedes tourismo bia\u0142y 0005\" data-envira-retina=\"\" data-thumbnail=\"\"  itemprop=\"contentUrl\"><img decoding=\"async\" id=\"envira-gallery-image-469\" class=\"envira-gallery-image envira-gallery-image-4 envira-normal envira-lazy\" data-envira-index=\"4\" src=\"http:\/\/jaw-trans.pl\/wp-content\/uploads\/2024\/02\/Mercedes-tourismo-bialy-0005-1024x768-640x480.jpg\" data-envira-src=\"http:\/\/jaw-trans.pl\/wp-content\/uploads\/2024\/02\/Mercedes-tourismo-bialy-0005-1024x768-640x480.jpg\" data-envira-gallery-id=\"477\" data-envira-item-id=\"469\" data-envira-caption=\"Mercedes tourismo bia\u0142y 0005\" alt=\"\" title=\"Mercedes tourismo bia\u0142y 0005\"  itemprop=\"thumbnailUrl\" data-envira-srcset=\"http:\/\/jaw-trans.pl\/wp-content\/uploads\/2024\/02\/Mercedes-tourismo-bialy-0005-1024x768-640x480.jpg 400w,http:\/\/jaw-trans.pl\/wp-content\/uploads\/2024\/02\/Mercedes-tourismo-bialy-0005-1024x768-640x480.jpg 2x\" data-envira-width=\"300\" data-envira-height=\"225\" srcset=\"data:image\/gif;base64,R0lGODlhAQABAIAAAP\/\/\/\/\/\/\/yH5BAEKAAEALAAAAAABAAEAAAICTAEAOw==\" data-safe-src=\"data:image\/gif;base64,R0lGODlhAQABAIAAAP\/\/\/\/\/\/\/yH5BAEKAAEALAAAAAABAAEAAAICTAEAOw==\" \/><\/a><\/div><\/div><div id=\"envira-gallery-item-468\" class=\"envira-gallery-item enviratope-item envira-gallery-item-5 envira-lazy-load\" style=\"padding-left: 1px; padding-bottom: 1px; padding-right: 1px;\"  itemscope itemtype=\"https:\/\/schema.org\/ImageObject\"><div class=\"envira-gallery-item-inner\"><div class=\"envira-gallery-position-overlay  envira-gallery-top-left\"><\/div><div class=\"envira-gallery-position-overlay  envira-gallery-top-right\"><\/div><div class=\"envira-gallery-position-overlay  envira-gallery-bottom-left\"><\/div><div class=\"envira-gallery-position-overlay  envira-gallery-bottom-right\"><\/div><a href=\"http:\/\/jaw-trans.pl\/wp-content\/uploads\/2024\/02\/Mercedes-tourismo-bialy-0004.jpg\" class=\"envira-gallery-477 envira-gallery-link\" rel=\"enviragallery477\" title=\"Mercedes tourismo bia\u0142y 0004\" data-envira-caption=\"Mercedes tourismo bia\u0142y 0004\" data-envira-retina=\"\" data-thumbnail=\"\"  itemprop=\"contentUrl\"><img decoding=\"async\" id=\"envira-gallery-image-468\" class=\"envira-gallery-image envira-gallery-image-5 envira-normal envira-lazy\" data-envira-index=\"5\" src=\"http:\/\/jaw-trans.pl\/wp-content\/uploads\/2024\/02\/Mercedes-tourismo-bialy-0004-1024x768-640x480.jpg\" data-envira-src=\"http:\/\/jaw-trans.pl\/wp-content\/uploads\/2024\/02\/Mercedes-tourismo-bialy-0004-1024x768-640x480.jpg\" data-envira-gallery-id=\"477\" data-envira-item-id=\"468\" data-envira-caption=\"Mercedes tourismo bia\u0142y 0004\" alt=\"\" title=\"Mercedes tourismo bia\u0142y 0004\"  itemprop=\"thumbnailUrl\" data-envira-srcset=\"http:\/\/jaw-trans.pl\/wp-content\/uploads\/2024\/02\/Mercedes-tourismo-bialy-0004-1024x768-640x480.jpg 400w,http:\/\/jaw-trans.pl\/wp-content\/uploads\/2024\/02\/Mercedes-tourismo-bialy-0004-1024x768-640x480.jpg 2x\" data-envira-width=\"300\" data-envira-height=\"225\" srcset=\"data:image\/gif;base64,R0lGODlhAQABAIAAAP\/\/\/\/\/\/\/yH5BAEKAAEALAAAAAABAAEAAAICTAEAOw==\" data-safe-src=\"data:image\/gif;base64,R0lGODlhAQABAIAAAP\/\/\/\/\/\/\/yH5BAEKAAEALAAAAAABAAEAAAICTAEAOw==\" \/><\/a><\/div><\/div><div id=\"envira-gallery-item-467\" class=\"envira-gallery-item enviratope-item envira-gallery-item-6 envira-lazy-load\" style=\"padding-left: 1px; padding-bottom: 1px; padding-right: 1px;\"  itemscope itemtype=\"https:\/\/schema.org\/ImageObject\"><div class=\"envira-gallery-item-inner\"><div class=\"envira-gallery-position-overlay  envira-gallery-top-left\"><\/div><div class=\"envira-gallery-position-overlay  envira-gallery-top-right\"><\/div><div class=\"envira-gallery-position-overlay  envira-gallery-bottom-left\"><\/div><div class=\"envira-gallery-position-overlay  envira-gallery-bottom-right\"><\/div><a href=\"http:\/\/jaw-trans.pl\/wp-content\/uploads\/2024\/02\/Mercedes-tourismo-bialy-0003.jpg\" class=\"envira-gallery-477 envira-gallery-link\" rel=\"enviragallery477\" title=\"Mercedes tourismo bia\u0142y 0003\" data-envira-caption=\"Mercedes tourismo bia\u0142y 0003\" data-envira-retina=\"\" data-thumbnail=\"\"  itemprop=\"contentUrl\"><img decoding=\"async\" id=\"envira-gallery-image-467\" class=\"envira-gallery-image envira-gallery-image-6 envira-normal envira-lazy\" data-envira-index=\"6\" src=\"http:\/\/jaw-trans.pl\/wp-content\/uploads\/2024\/02\/Mercedes-tourismo-bialy-0003-1024x768-640x480.jpg\" data-envira-src=\"http:\/\/jaw-trans.pl\/wp-content\/uploads\/2024\/02\/Mercedes-tourismo-bialy-0003-1024x768-640x480.jpg\" data-envira-gallery-id=\"477\" data-envira-item-id=\"467\" data-envira-caption=\"Mercedes tourismo bia\u0142y 0003\" alt=\"\" title=\"Mercedes tourismo bia\u0142y 0003\"  itemprop=\"thumbnailUrl\" data-envira-srcset=\"http:\/\/jaw-trans.pl\/wp-content\/uploads\/2024\/02\/Mercedes-tourismo-bialy-0003-1024x768-640x480.jpg 400w,http:\/\/jaw-trans.pl\/wp-content\/uploads\/2024\/02\/Mercedes-tourismo-bialy-0003-1024x768-640x480.jpg 2x\" data-envira-width=\"300\" data-envira-height=\"225\" srcset=\"data:image\/gif;base64,R0lGODlhAQABAIAAAP\/\/\/\/\/\/\/yH5BAEKAAEALAAAAAABAAEAAAICTAEAOw==\" data-safe-src=\"data:image\/gif;base64,R0lGODlhAQABAIAAAP\/\/\/\/\/\/\/yH5BAEKAAEALAAAAAABAAEAAAICTAEAOw==\" \/><\/a><\/div><\/div><div id=\"envira-gallery-item-466\" class=\"envira-gallery-item enviratope-item envira-gallery-item-7 envira-lazy-load\" style=\"padding-left: 1px; padding-bottom: 1px; padding-right: 1px;\"  itemscope itemtype=\"https:\/\/schema.org\/ImageObject\"><div class=\"envira-gallery-item-inner\"><div class=\"envira-gallery-position-overlay  envira-gallery-top-left\"><\/div><div class=\"envira-gallery-position-overlay  envira-gallery-top-right\"><\/div><div class=\"envira-gallery-position-overlay  envira-gallery-bottom-left\"><\/div><div class=\"envira-gallery-position-overlay  envira-gallery-bottom-right\"><\/div><a href=\"http:\/\/jaw-trans.pl\/wp-content\/uploads\/2024\/02\/Mercedes-tourismo-bialy-0002.jpg\" class=\"envira-gallery-477 envira-gallery-link\" rel=\"enviragallery477\" title=\"Mercedes tourismo bia\u0142y 0002\" data-envira-caption=\"Mercedes tourismo bia\u0142y 0002\" data-envira-retina=\"\" data-thumbnail=\"\"  itemprop=\"contentUrl\"><img decoding=\"async\" id=\"envira-gallery-image-466\" class=\"envira-gallery-image envira-gallery-image-7 envira-normal envira-lazy\" data-envira-index=\"7\" src=\"http:\/\/jaw-trans.pl\/wp-content\/uploads\/2024\/02\/Mercedes-tourismo-bialy-0002-1024x768-640x480.jpg\" data-envira-src=\"http:\/\/jaw-trans.pl\/wp-content\/uploads\/2024\/02\/Mercedes-tourismo-bialy-0002-1024x768-640x480.jpg\" data-envira-gallery-id=\"477\" data-envira-item-id=\"466\" data-envira-caption=\"Mercedes tourismo bia\u0142y 0002\" alt=\"\" title=\"Mercedes tourismo bia\u0142y 0002\"  itemprop=\"thumbnailUrl\" data-envira-srcset=\"http:\/\/jaw-trans.pl\/wp-content\/uploads\/2024\/02\/Mercedes-tourismo-bialy-0002-1024x768-640x480.jpg 400w,http:\/\/jaw-trans.pl\/wp-content\/uploads\/2024\/02\/Mercedes-tourismo-bialy-0002-1024x768-640x480.jpg 2x\" data-envira-width=\"300\" data-envira-height=\"225\" srcset=\"data:image\/gif;base64,R0lGODlhAQABAIAAAP\/\/\/\/\/\/\/yH5BAEKAAEALAAAAAABAAEAAAICTAEAOw==\" data-safe-src=\"data:image\/gif;base64,R0lGODlhAQABAIAAAP\/\/\/\/\/\/\/yH5BAEKAAEALAAAAAABAAEAAAICTAEAOw==\" \/><\/a><\/div><\/div><div id=\"envira-gallery-item-465\" class=\"envira-gallery-item enviratope-item envira-gallery-item-8 envira-lazy-load\" style=\"padding-left: 1px; padding-bottom: 1px; padding-right: 1px;\"  itemscope itemtype=\"https:\/\/schema.org\/ImageObject\"><div class=\"envira-gallery-item-inner\"><div class=\"envira-gallery-position-overlay  envira-gallery-top-left\"><\/div><div class=\"envira-gallery-position-overlay  envira-gallery-top-right\"><\/div><div class=\"envira-gallery-position-overlay  envira-gallery-bottom-left\"><\/div><div class=\"envira-gallery-position-overlay  envira-gallery-bottom-right\"><\/div><a href=\"http:\/\/jaw-trans.pl\/wp-content\/uploads\/2024\/02\/Mercedes-tourismo-bialy-0001.jpg\" class=\"envira-gallery-477 envira-gallery-link\" rel=\"enviragallery477\" title=\"Mercedes tourismo bia\u0142y 0001\" data-envira-caption=\"Mercedes tourismo bia\u0142y 0001\" data-envira-retina=\"\" data-thumbnail=\"\"  itemprop=\"contentUrl\"><img decoding=\"async\" id=\"envira-gallery-image-465\" class=\"envira-gallery-image envira-gallery-image-8 envira-normal envira-lazy\" data-envira-index=\"8\" src=\"http:\/\/jaw-trans.pl\/wp-content\/uploads\/2024\/02\/Mercedes-tourismo-bialy-0001-1024x768-640x480.jpg\" data-envira-src=\"http:\/\/jaw-trans.pl\/wp-content\/uploads\/2024\/02\/Mercedes-tourismo-bialy-0001-1024x768-640x480.jpg\" data-envira-gallery-id=\"477\" data-envira-item-id=\"465\" data-envira-caption=\"Mercedes tourismo bia\u0142y 0001\" alt=\"\" title=\"Mercedes tourismo bia\u0142y 0001\"  itemprop=\"thumbnailUrl\" data-envira-srcset=\"http:\/\/jaw-trans.pl\/wp-content\/uploads\/2024\/02\/Mercedes-tourismo-bialy-0001-1024x768-640x480.jpg 400w,http:\/\/jaw-trans.pl\/wp-content\/uploads\/2024\/02\/Mercedes-tourismo-bialy-0001-1024x768-640x480.jpg 2x\" data-envira-width=\"300\" data-envira-height=\"225\" srcset=\"data:image\/gif;base64,R0lGODlhAQABAIAAAP\/\/\/\/\/\/\/yH5BAEKAAEALAAAAAABAAEAAAICTAEAOw==\" data-safe-src=\"data:image\/gif;base64,R0lGODlhAQABAIAAAP\/\/\/\/\/\/\/yH5BAEKAAEALAAAAAABAAEAAAICTAEAOw==\" \/><\/a><\/div><\/div><\/div><\/div><noscript><img decoding=\"async\" src=\"http:\/\/jaw-trans.pl\/wp-content\/uploads\/2024\/02\/Mercedes-tourismo-bialy-0008.jpg\" alt=\"\" \/><img decoding=\"async\" src=\"http:\/\/jaw-trans.pl\/wp-content\/uploads\/2024\/02\/Mercedes-tourismo-bialy-0007.jpg\" alt=\"\" \/><img decoding=\"async\" src=\"http:\/\/jaw-trans.pl\/wp-content\/uploads\/2024\/02\/Mercedes-tourismo-bialy-0006.jpg\" alt=\"\" \/><img decoding=\"async\" src=\"http:\/\/jaw-trans.pl\/wp-content\/uploads\/2024\/02\/Mercedes-tourismo-bialy-0005.jpg\" alt=\"\" \/><img decoding=\"async\" src=\"http:\/\/jaw-trans.pl\/wp-content\/uploads\/2024\/02\/Mercedes-tourismo-bialy-0004.jpg\" alt=\"\" \/><img decoding=\"async\" src=\"http:\/\/jaw-trans.pl\/wp-content\/uploads\/2024\/02\/Mercedes-tourismo-bialy-0003.jpg\" alt=\"\" \/><img decoding=\"async\" src=\"http:\/\/jaw-trans.pl\/wp-content\/uploads\/2024\/02\/Mercedes-tourismo-bialy-0002.jpg\" alt=\"\" \/><img decoding=\"async\" src=\"http:\/\/jaw-trans.pl\/wp-content\/uploads\/2024\/02\/Mercedes-tourismo-bialy-0001.jpg\" alt=\"\" \/><\/noscript><\/div>\n","protected":false},"excerpt":{"rendered":"<p>Mercedes Tourismo59+2+1 miejsc siedz\u0105cych, klimatyzacja, indywidualne nawiewy i o\u015bwietlenie, ogrzewanie postojowe, przyciemnione szyby, fotele regulowane, podn\u00f3\u017cki, DVD, radio, WC, mikrofon, barek, du\u017ce luki baga\u017cowe, schowki nad fotelami.<\/p>\n","protected":false},"author":1,"featured_media":0,"parent":0,"menu_order":0,"comment_status":"closed","ping_status":"closed","template":"","meta":{"footnotes":""},"class_list":["post-94","page","type-page","status-publish","hentry"],"_links":{"self":[{"href":"http:\/\/jaw-trans.pl\/index.php\/wp-json\/wp\/v2\/pages\/94","targetHints":{"allow":["GET"]}}],"collection":[{"href":"http:\/\/jaw-trans.pl\/index.php\/wp-json\/wp\/v2\/pages"}],"about":[{"href":"http:\/\/jaw-trans.pl\/index.php\/wp-json\/wp\/v2\/types\/page"}],"author":[{"embeddable":true,"href":"http:\/\/jaw-trans.pl\/index.php\/wp-json\/wp\/v2\/users\/1"}],"replies":[{"embeddable":true,"href":"http:\/\/jaw-trans.pl\/index.php\/wp-json\/wp\/v2\/comments?post=94"}],"version-history":[{"count":3,"href":"http:\/\/jaw-trans.pl\/index.php\/wp-json\/wp\/v2\/pages\/94\/revisions"}],"predecessor-version":[{"id":478,"href":"http:\/\/jaw-trans.pl\/index.php\/wp-json\/wp\/v2\/pages\/94\/revisions\/478"}],"wp:attachment":[{"href":"http:\/\/jaw-trans.pl\/index.php\/wp-json\/wp\/v2\/media?parent=94"}],"curies":[{"name":"wp","href":"https:\/\/api.w.org\/{rel}","templated":true}]}}